isor of c and k?
5
Let w(t) = -19*t + 220. Let r be w(10). Let c = -18 - -168. Calculate the highest common divisor of c and r.
30
Let b(y) = y**2 - 4*y - 3. Let t be b(5). Suppose 2*z - 54 + 18 = 4*a, -4*a = 4*z - 60. Calculate the greatest common divisor of t and z.
2
Suppose 4*s + 27 = 3*q, 5*s - 1 = -16. Let p = 60 - q. Calculate the greatest common factor of 22 and p.
11
Let t(b) = -14*b**2 + 29*b - 56. Let p(w) = 5*w**2 - 10*w + 19. Let i(z) = 17*p(z) + 6*t(z). Let s be i(11). What is the greatest common factor of 19 and s?
19
Let u(a) = -a**2 + 7*a - 6. Let p be u(5). What is the greatest common divisor of 2 and p?
2
Let n be (-4)/1*(-130)/8. What is the greatest common factor of 13 and n?
13
Let a(g) = 3*g**2 + 5*g - 10. Let v be a(-5). What is the greatest common factor of v and 16?
8
Let s = 6 + -3. Suppose 0 = 7*r - 3*r, 4 = 2*i - s*r. Suppose -i*b + 17 = -247. Calculate the greatest common factor of 12 and b.
12
Let c = -144 + 160. What is the greatest common divisor of 80 and c?
16
Let l(b) = -4*b**3 - 3*b**2 - 2*b - 2. Let p be l(-2). Suppose 0 = 3*y + 2*y - 275. Calculate the greatest common factor of y and p.
11
Suppose 3*a - 15 = -0*a. Suppose -a*d + 335 = -5*p, 2*p - 63 - 55 = -2*d. What is the highest common factor of 9 and d?
9
Let d(s) be the first derivative of 15*s**2/2 + 2*s + 2. Let x be d(2). What is the greatest common factor of x and 8?
8
Let a be (0 - 0)*1/(-2). Suppose a = 3*v - 13 - 47. What is the highest common divisor of 4 and v?
4
Let n be ((-75)/9)/((-2)/6). Let j be (-93)/(-5) - (-10)/n. Let u = j - -7. What is the greatest common factor of 13 and u?
13
Let t(y) be the second derivative of y**3/2 - 2*y**2 - y. Let g be t(5). What is the highest common factor of g and 55?
11
Let o = 30 + 0. Calculate the highest common factor of o and 5.
5
Let n be (-6)/((-36)/970) + 6/(-9). What is the greatest common divisor of 7 and n?
7
Let i be (2/3)/(1/3). Suppose -5*a - 5*l = -10*l + 25, 2*a + l - 5 = 0. Suppose -v - 2 = 0, a = -n + i*v + 3 + 5. What is the highest common factor of n and 2?
2
Let w(i) = 3*i + 14. Suppose -a - 8 - 9 = -3*r, -5*r + 5*a + 25 = 0. Let l be w(r). Calculate the highest common divisor of 4 and l.
4
Let b = 121 + -56. Calculate the greatest common divisor of 13 and b.
13
Suppose 0 = m + m - 12. Let x be (-21)/m*(1 + -3). Calculate the greatest common factor of 14 and x.
7
Suppose 5*p + 120 = 3*g, 3*p = -2*g - p + 80. Suppose 4 = r + 3*d, 0 = 5*r + 3*d - 49 - 31. Let j = -11 + r. Calculate the greatest common divisor of g and j.
8
Suppose -4*q + 689 = -3*i, -q - 3*i + 895 = 4*q. What is the greatest common divisor of q and 22?
22
Suppose 5*t - 35 + 88 = 2*a, 5*a + 4*t - 116 = 0. Let v = -14 + a. Let y(z) = 23*z**2 - 2. Let d be y(-2). Calculate the highest common factor of d and v.
10
Let s = 1 - 21. Let g be 15/2*(-24)/s. Let m be (4/(-3))/(3/(-162)). Calculate the highest common divisor of m and g.
9
Let h(w) = -281*w - 2. Let k be h(-1). What is the highest common factor of 31 and k?
31
Suppose 0 = 2*y + y - 90. Suppose 0*w = 2*w - y. Let x be 13/(-39) - 92/(-6). Calculate the highest common factor of x and w.
15
Let p be 9/6*2/(-3). Let h = 17 + p. What is the greatest common factor of 40 and h?
8
Let k = 24 - 16. Let v = 1 - 3. Let z be (v - -4) + 0 - -30. Calculate the greatest common factor of k and z.
8
Let z(n) = n**3 + 7*n**2 + 7*n + 9. Let s be z(-6). Let k(a) = 5*a - 2. Let g be k(s). What is the highest common divisor of g and 52?
13
Suppose -8 = 4*h, 2*g + 2*g + h = 218. Let f be 1 + 0 + (4 - 0). What is the greatest common divisor of g and f?
5
Let g(c) = c**3 + 6*c**2 - 2*c - 8. Let x be g(-6). Let d = -17 - -45. Calculate the highest common factor of d and x.
4
Suppose -4*q + 19 = -5. Suppose 3*u - 6*u = 486. Let x = -114 - u. What is the greatest common factor of q and x?
6
Suppose 1650 = -15*r + 21*r. Calculate the highest common divisor of r and 25.
25
Let s be -2*3/6*4. Let a(l) = 4*l**2 + 3*l + 3. Let c be a(s). What is the greatest common factor of 11 and c?
11
Let m = -127 - -205. What is the greatest common factor of m and 6?
6
Suppose 8*s - 15 = 5*s. Let h(i) = 3*i - 2. Let f be h(s). Let z = 213 - 122. What is the highest common factor of z and f?
13
Suppose b + a - 10 = 0, 2*b - 20 = 5*a - 2*a. Let z = b + -5. Suppose -z*i + i + 82 = 5*l, -i = -3. What is the highest common factor of l and 112?
14
Let s be 1 - (-34 + (-2)/2). Suppose -s = -4*j + 16. Let d = 209 + -66. What is the greatest common factor of j and d?
13
Let z(o) = o**2 + 6*o. Let c be z(-7). Suppose -3*d - c = 2. Let a be 13 + (1 - 2 - d). What is the greatest common divisor of 135 and a?
15
Let z be 18/(-12)*(-154)/3. Calculate the highest common divisor of 7 and z.
7
Let s = -167 - -290. Let g = -88 + s. Let z = 14 - 9. What is the highest common divisor of g and z?
5
Suppose 5*l = z + 22, z - 2*z = 5*l - 18. Let p be (-2)/9 + l/18. Suppose 2*q - 30 = -p*q. Calculate the greatest common divisor of q and 15.
15
Suppose 284 = 11*c - 255. Suppose 13 = 2*v + n + 2, 36 = 3*v - 5*n. What is the greatest common divisor of v and c?
7
Suppose -5 - 75 = -4*s. Let m = s + 108. What is the highest common factor of m and 16?
16
Let s be 9/2 - 9/6. Calculate the highest common factor of 27 and s.
3
Let j be -3 - (3/3 - 9). Suppose -b - u = 2*u - 6, 2*u + 64 = j*b. Calculate the highest common factor of b and 108.
12
Let q = 7 - 9. Let x be (-2)/4*6*q. Suppose 4*f - 24 = -2*w, -2*f = -4*w - 15 + 3. Calculate the greatest common factor of x and f.
6
Let s be (16/(-28))/(4/(-14)). Suppose -2*p = 2*w - 214, -4*w + s*p + 326 = -w. What is the greatest common divisor of 12 and w?
12
Suppose 5*q - 91 - 689 = 0. Let z = q + 26. Calculate the greatest common factor of 26 and z.
26
Let f be (3 + -2)*1 - -20. Calculate the greatest common divisor of 21 and f.
21
Let z(t) = 3 + 6 + 14*t + 6 - t**2. Let c be z(11). Calculate the highest common factor of c and 24.
24
Suppose -2*t + 79 = 2*w + t, -3*t = 3*w - 120. Calculate the greatest common factor of 451 and w.
41
Let x be 17*(0 - (0 - 1)). Suppose 0 = -v + 45 + 6. Calculate the greatest common factor of x and v.
17
Let t be (-4)/3*(-66)/2. Let g(l) = 2*l - 27. Let a be g(19). What is the greatest common factor of t and a?
11
Let d be (10/4)/1*2. Suppose 5*j = -5*f + 10, -d*j = -0*j. Let o be (-2 - 0)/f*-36. What is the highest common factor of 12 and o?
12
Let b(n) = 71*n + 1. Let r be b(1). What is the highest common divisor of r and 12?
12
Let h = 1 - 0. Let g(a) = a**3 - 6*a**2 + 2*a - 10. Let n be g(6). Suppose n*f - h - 5 = 0. What is the greatest common factor of f and 12?
3
Let f be (-206)/(-10) - 2/(-5). Let j be (36/f)/1*14. Let l be (-2)/4 + 51/6. Calculate the highest common divisor of j and l.
8
Let a = 214 + -95. Suppose -3*c = o + 8 - 57, -2*o - 4 = 0. Calculate the highest common divisor of c and a.
17
Let g(t) = -t**2 + 9. Let s be g(0). Let r(m) = -m**3 - 9*m**2 - 10*m - 27. Let a be r(-9). What is the greatest common factor of s and a?
9
Let t = -2 + 1. Let p be (-1)/(11/(-10) - t). Calculate the highest common divisor of 40 and p.
10
Suppose -2 = k - 3. Calculate the greatest common divisor of k and 1.
1
Let y be 5 + -1 + 0/3. Let x be ((-3)/2)/((-3)/y). Let w(t) = 8*t**2 - 2. Let i be w(x). Calculate the greatest common factor of i and 15.
15
Let y(n) = -2*n**2 - 10*n - 3*n**2 + 4*n**2. Let k be y(-6). Let l be (1 - -4)*(-8)/(-10). Calculate the greatest common divisor of l and k.
4
Suppose -i + 5 = 1. Suppose -3*y = 4*z - i - 0, 3*y - 1 = -z. Calculate the greatest common factor of 3 and z.
1
Let a(t) = -t + 2. Let c be a(-2). Let n = c + 18. Calculate the highest common factor of n and 55.
11
Let d(w) = 3*w**2 - 5*w - 4. Let b be d(4). What is the greatest common divisor of 60 and b?
12
Suppose 2*t + t - 6 = 0. Suppose t*y = -0*y + 16. Calculate the highest common factor of y and 56.
8
Suppose 3*z - 4*z = 2*a - 39, -2*z - 7 = -a. Let l = 30 - a. What is the greatest common divisor of l and 65?
13
Let o be (-7 + 1)*24/(-9). Suppose 0*s = -s - 2*v + 2, -4*s = 4*v - o. Let p be (-3)/(9/s) + 7. Calculate the highest common factor of p and 55.
5
Suppose 3*w - 4*w = -4. Let u be -2 + -1 - -47 - 0. What is the highest common divisor of w and u?
4
Suppose 